{"id":14,"date":"2018-11-23T14:46:34","date_gmt":"2018-11-23T14:46:34","guid":{"rendered":"https:\/\/www.donner-1871.dk\/donner-privat\/?page_id=14"},"modified":"2021-09-25T13:29:50","modified_gmt":"2021-09-25T11:29:50","slug":"velkommen-til-donnerforeningen","status":"publish","type":"page","link":"https:\/\/www.donner-1871.dk\/donner-privat\/","title":{"rendered":"Velkommen til Donnerforeningen"},"content":{"rendered":"\n<p class=\"has-small-font-size\"><strong>Maleriet \u00f8verst tv.: <\/strong><em><strong>&#8220;Morgen ved Hornb\u00e6k. Fiskerne kommer i land&#8221;<\/strong><\/em><strong> er fra 1874 og malet af P.S. Kr\u00f8yer. Maleriet kan ses p\u00e5 <\/strong><a href=\"https:\/\/en.wikipedia.org\/wiki\/da:Den_Hirschsprungske_Samling\"><strong>Den Hirschsprungske Samling<\/strong><\/a><strong> i K\u00f8benhavn.<\/strong><\/p>\n\n\n\n<p><em><strong><span style=\"font-size: 16pt;\">Vores historie&#8230;.<\/span><\/strong><\/em><\/p>\n\n\n\n<figure class=\"wp-block-image size-large\"><img decoding=\"async\" width=\"1024\" height=\"658\" src=\"https:\/\/www.donner-1871.dk\/donner-privat\/wp-content\/uploads\/2021\/04\/donner-150-logo-1024x658.jpg\" alt=\"\" class=\"wp-image-1697\" srcset=\"https:\/\/www.donner-1871.dk\/donner-privat\/wp-content\/uploads\/2021\/04\/donner-150-logo-1024x658.jpg 1024w, https:\/\/www.donner-1871.dk\/donner-privat\/wp-content\/uploads\/2021\/04\/donner-150-logo-300x193.jpg 300w, https:\/\/www.donner-1871.dk\/donner-privat\/wp-content\/uploads\/2021\/04\/donner-150-logo-768x493.jpg 768w, https:\/\/www.donner-1871.dk\/donner-privat\/wp-content\/uploads\/2021\/04\/donner-150-logo.jpg 1200w\" sizes=\"(max-width: 709px) 85vw, (max-width: 909px) 67vw, (max-width: 1362px) 62vw, 840px\" \/><\/figure>\n\n\n\n<h2 class=\"wp-block-heading\"><span style=\"color: #0000ff;\"><strong>HORNB\u00c6Ks LOTTERI FORENING <\/strong><\/span>med \u00f8genavnet <span style=\"color: #0000ff;\"><span style=\"color: #000000;\">&#8220;Donnerforeningen&#8221; <\/span><br><\/span>er stiftet i november 1871 med f\u00f8lgende form\u00e5l:<\/h2>\n\n\n\n<div class=\"wp-block-image\"><figure class=\"alignright is-resized\"><img decoding=\"async\" src=\"https:\/\/www.donner-1871.dk\/donner-privat\/wp-content\/uploads\/2018\/11\/Sk\u00e6rmbillede-2018-11-24-kl.-16.11.51-247x300.png\" alt=\"\" class=\"wp-image-35\" width=\"280\" height=\"340\" srcset=\"https:\/\/www.donner-1871.dk\/donner-privat\/wp-content\/uploads\/2018\/11\/Sk\u00e6rmbillede-2018-11-24-kl.-16.11.51-247x300.png 247w, https:\/\/www.donner-1871.dk\/donner-privat\/wp-content\/uploads\/2018\/11\/Sk\u00e6rmbillede-2018-11-24-kl.-16.11.51-768x932.png 768w, https:\/\/www.donner-1871.dk\/donner-privat\/wp-content\/uploads\/2018\/11\/Sk\u00e6rmbillede-2018-11-24-kl.-16.11.51.png 786w\" sizes=\"(max-width: 280px) 85vw, 280px\" \/><\/figure><\/div>\n\n\n\n<p>(Citat fra f\u00f8rste side i den gamle regnskabsbog og protokol):<\/p>\n\n\n\n<p class=\"has-text-color\" style=\"color:#0008cc\"><span style=\"color: #0000ff;\"><em><strong>&#8220;P\u00e5 efteif\u00f8lgende blade indf\u00f8res de nu\u00ad v\u00e6rende og muligen indtr\u00e6dende med\u00adlemmers navne, indskud, m\u00e5nedlige kon\u00adtingenter, samt summen af hver sides indt\u00e6gt.<br>Denne forening er vi kommet overens til at kalde&nbsp;<\/strong><\/em><\/span><br><em><strong>&nbsp;HORNB\u00c6Ks LOITERI FORENING<\/strong><\/em><br><em><strong>og g\u00e5r ud p\u00e5 at spille lotteri for m\u00e5ske at vinde lidt til f\u00e6lles bedste.&nbsp; <\/strong><\/em><\/p>\n\n\n\n<p class=\"has-text-color\" style=\"color:#0071a1\"><span style=\"color: #0000ff;\"><em><strong>Et hven indtr\u00e6dende medlem har til foreningens bestyrer, kelner Niels Peter Nielsen indbetalt i indskud 1,8 mark ( 50 \u00f8re), og m\u00e5nedlig kontingent 2 mark ( 66 \u00f8re ). Fra hven nyt medlem, som \u00f8nsker at indtr\u00e6de, skal deifor betale, som andel i sedlernes fornyelse fra f\u00f8rste tr\u00e6kning, 2 mark &#8230;&#8230;.&#8221;.<\/strong><\/em><\/span><br><span style=\"color: #0000ff;\"><em><strong>( papiret er m\u00f8rnet v\u00e6k.)<\/strong><\/em><\/span>        <div class=\"rmwr-wrapper\" \n             data-id=\"rmwr-6a046f08a5d57\"\n             data-mode=\"normal\"\n             data-animation=\"fade\"\n             data-duration=\"300\"\n             data-smooth-scroll=\"true\"\n             data-scroll-offset=\"0\">\n            <button \n                type=\"button\"\n                class=\"read-link\" \n                id=\"readlinkrmwr-6a046f08a5d57\"\n                data-open-text=\"L\u00e6s mere..\"\n                data-close-text=\"L\u00e6s mindre...\"\n                aria-expanded=\"false\"\n                aria-controls=\"readrmwr-6a046f08a5d57\"\n                aria-label=\"L\u00e6s mere..\"\n            >\n                <span class=\"rmwr-text\">L\u00e6s mere..<\/span>\n            <\/button>\n            <div \n                class=\"read_div\" \n                id=\"readrmwr-6a046f08a5d57\"\n                aria-hidden=\"true\"\n                data-animation=\"fade\"\n                data-duration=\"300\"\n                style=\"display: none;\"\n            >\n                <\/p>\n\n\n\n<p>Man k\u00f8bte \u00bc-lodder i Det danske Klas\u00adselotteri&nbsp; &#8211; dengang Det Kongelige Kj\u00f8benhavnske Klasselotteri fra 1753<\/p>\n\n\n\n<p>De var 6 medlemmer fra starten , men allerede 1\u00bd \u00e5r senere var de 9 medlem\u00admer og s\u00e5dan behold man medlemstallet indtil 1929.<\/p>\n\n\n\n<p>Af regnskaberne fremg\u00e5r det, at der fra starten var mindst 3 stk \u00bc-klasselotteri lodsedler. I dag eksisterer to lodsedler stadig.<\/p>\n\n\n\n<p>Der har v\u00e6ret mange sm\u00e5 gevinster &#8211; i 1877 vandt man f\u00f8rst 500kr og et par m\u00e5neder senere 250kr. Den 16. dec. 1887 vandt man 6.250kr (\u00bc-lodseddel). Dette var h\u00f8jst sandsynlig en 4. pr\u00e6mie, idet hovedgevinsten dengang var p\u00e5 120.000kr. Gevinsten blev fordelt med 685kr til hver, 10kr til Johannes Nielsen, vognmand, for fornyelsen af lodsedlerne, og 50kr i &#8220;gratiale&#8221; til kollekt\u00f8ren i Hel\u00adsing\u00f8r. Man k\u00f8bte en ny \u00bc-lodseddel.<\/p>\n\n\n\n<p>M\u00e5ske var det den store pr\u00e6mie hos Hornb\u00e6ks Lotteri Foreningen med \u00f8genavnet &#8220;Don\u00adnerforeningen&#8221; i 1887, der fik 13 m\u00e6nd fra byen til at lave endnu en lotteri forening, for den 13. marts 1892 stiftede man<\/p>\n\n\n\n<p><span style=\"color: #0000ff\"><strong><span style=\"font-size: 20pt\">FORENINGEN &#8220;13 MAND&#8221;<\/span><\/strong><\/span><\/p>\n\n\n\n<p>og f\u00f8r man k\u00f8bte 4 stk \u00bc-klasselotteri lodsedler, afholdt man bal og en auktion for at f\u00e5 en god startkapital til forenin\u00adgen. I dag eksisterer 4 lodsedler stadig.<\/p>\n\n\n\n<p>Hans Hansen, k\u00e6lderstuemand p\u00e5 Horn\u00adb\u00e6k Kro, var kasserer i &#8220;13-mand&#8221; fra starten, og i 1895 bliver han medlem og formand i Hornb\u00e6ks Lotteri Forening efter kro\u00admand Niels Peter Nielsen, foreningens f\u00f8rste formand, som d\u00f8de.<\/p>\n\n\n\n<p>Dette var den f\u00f8rste kontakt de to lotteri\u00ad foreninger imellem. Senere fra oktober 1908 begynder man at f\u00f8re regnskab og protokol i hver sin ende af en regnskabs\u00ad bog.<\/p>\n\n\n\n<p>Der har v\u00e6ret afholdt et a to m\u00f8der med spisning og kortspil om \u00e5ret i de to lot\u00adteriforeninger. Hornb\u00e6ks Lotteri Forening har afholdt sit ordin\u00e6re m\u00f8der i november og senere flyttet det til oktober, mens &#8220;13- mand&#8221; har afholdt sit i januar eller marts. Form\u00e6nd eller kasserere har v\u00e6ret &#8220;ind\u00adkradsere&#8221; af kontingenter til betaling af fornyelser i klasselotteriet hos kollek\u00adt\u00f8rer\/triser i Helsing\u00f8r.<\/p>\n\n\n\n<p>I den efterf\u00f8lgende tid blev flere medlem af begge foreninger (i alt syv), og i okto\u00adber 1929 blev, ved et m\u00f8de p\u00e5 Hornb\u00e6k Badehotel, foreningen <span style=\"color: #0000ff\"><strong>&#8220;13-mand&#8221;<\/strong> <\/span>sl\u00e5et sammen med <span style=\"color: #0000ff\"><strong>&#8220;Hornb\u00e6ks Lotteri Fore\u00adning&#8221;<\/strong><\/span>, s\u00e5ledes at sidstn\u00e6vnte hermed talte 15 medlemmer, og man vedtog at fore\u00adningen fremover skulle have det gamle \u00f8genavn <\/p>\n\n\n\n<p><strong><span style=\"font-size: 20pt;color: #0000ff\">DONNERFORENINGEN<\/span><\/strong><\/p>\n\n\n\n<div class=\"wp-block-image\"><figure class=\"aligncenter\"><img decoding=\"async\" width=\"1024\" height=\"555\" src=\"https:\/\/www.donner-1871.dk\/donner-privat\/wp-content\/uploads\/2018\/11\/optegn_taet_1-1024x555.jpg\" alt=\"\" class=\"wp-image-13\" srcset=\"https:\/\/www.donner-1871.dk\/donner-privat\/wp-content\/uploads\/2018\/11\/optegn_taet_1-1024x555.jpg 1024w, https:\/\/www.donner-1871.dk\/donner-privat\/wp-content\/uploads\/2018\/11\/optegn_taet_1-300x163.jpg 300w, https:\/\/www.donner-1871.dk\/donner-privat\/wp-content\/uploads\/2018\/11\/optegn_taet_1-768x417.jpg 768w, https:\/\/www.donner-1871.dk\/donner-privat\/wp-content\/uploads\/2018\/11\/optegn_taet_1-1200x651.jpg 1200w, https:\/\/www.donner-1871.dk\/donner-privat\/wp-content\/uploads\/2018\/11\/optegn_taet_1.jpg 1475w\" sizes=\"(max-width: 709px) 85vw, (max-width: 909px) 67vw, (max-width: 1362px) 62vw, 840px\" \/><\/figure><\/div>\n\n\n\n<p><span style=\"color: #0000ff\"><em><strong><span style=\"font-size: 10pt\">Donnerforeningens tidslinje over de 86 medlemmer &#8211; optegnelser om medlems\u00e5r og hvem afl\u00f8ste hvem, m.m.<\/span><\/strong><\/em><\/span><\/p>\n\n\n\n<p>Af regnskab og protokol kan det ses, at der har v\u00e6ret omkring 42 forskellige \u00bc\u00ad klasselotteri lodsedler i foreningernes eje gennem tiden. Mange lodsedler har ikke givet gevinst, og er af den grund ud\u00adskiftet med andre. M\u00e5ske har udmeldte medlemmer og afd\u00f8de medlemmers familier f\u00e5et enkelte lodsedler til privat ejendom? Efter sammenl\u00e6gningen af foreningerne i 1929 spillede man kun p\u00e5 de f\u00f8r n\u00e6vnte 6 \u00e6ldste numre. I 1938 k\u00f8bte man to lodder. F\u00f8rst i 1973 udvidede man igen med to lodder. I 1977 to mere og afslutte \u00e5ret efter med de tre sidste lodder til i alt 15 lodsedler.<br>M\u00e5let med en lodseddel pr. medlem var n\u00e5et. Medlemmerne har ikke en personlig lodseddel, man spiller stadig til f\u00e6lles bedste!<\/p>\n\n\n\n<p>Foreningens vedt\u00e6gter, herunder optagel\u00adseskriterier, er hemmelige &#8211; men s\u00f8n f\u00f8lger normalt efter sin fader. Vigtige beslutninger des ang\u00e5ende findes i pro\u00adtokollen fra 1947, 1976 og 1982.<\/p>\n\n\n\n<p>Donnerforeningen har siden 1929 afholdt generalforsamling sidste fredag i oktober. I nyere tid er man begyndt at m\u00f8des til et kort &#8220;halvvejsm\u00f8de&#8221; midt i april, hvor fornyelsen af de femten lodsedler er p\u00e5 dagsordenen. De nu\u00adv\u00e6rende medlemmer er stadig tro mod tidligere traditioner, bl.a vender man med sp\u00e6nding tallerkenen ved oktoberm\u00f8det for at se, om der har v\u00e6ret overskud, som kan &#8220;byttes&#8221; ud. Man spiser traditionen tro kogt torsk. Resten af aftenen foreg\u00e5r med kortspil og snak &#8211; bl.a. om gamle medlemmer af Donnerforeningen. Nu ser medlemmerne frem til at kunne fejre 150 jubil\u00e6um i 2021 &#8211; i Hornb\u00e6ks \u00e6ldste nulevende forening.<\/p>\n\n\n\n<p>Donnerforeningen har gennem \u00e5rene haft 86 medlemmer og disse er optegne og beskrevet i en medlems-biografi kun tilg\u00e6ngelig for Donnerforeningens medlemmer.<\/p>\n\n\n\n<p class=\"has-text-align-center has-text-color\" style=\"color:#0008cc\"><strong>&nbsp; HORNB\u00c6K LOTTERIFORENING <\/strong><br><strong>&#8220;DONNERFORENINGEN&#8221; AF \u00c5RET 1871<\/strong><\/p>\n\n\n\n<p class=\"has-text-align-center has-text-color\" style=\"color:#0008cc\">Disse bem\u00e6rkninger er optegnet af Svend Pii S\u00f8rensen medl.nr.\u00ad50:  <br>&nbsp;<em><strong>&#8220;Hvad jeg har kunne snuse mig til!&#8221; <\/strong><\/em><strong> <\/strong>  <\/p>\n\n\n\n<p class=\"has-text-align-center\">Optegnelserne er sket siden 1957.<\/p>\n\n\n\n<p class=\"has-text-align-center\">Senere bearbejdet og opdateret af Jens Peter Pihl medl.nr.66 siden marts 1994.             <\/div>\n        <\/div>\n        <\/p>\n\n\n\n<p><span style=\"font-size: 8pt;\">Jens Peter Pihl<\/span><br><span style=\"font-size: 8pt;\">(Marts 1995\/nov. 2018)<\/span><\/p>\n\n\n\n<p class=\"has-medium-font-size\">Skriv til Donnerforeningen<\/p>\n\n\n<div class=\"wpforms-container wpforms-container-full wpforms-block\" id=\"wpforms-1566\"><form id=\"wpforms-form-1566\" class=\"wpforms-validate wpforms-form\" data-formid=\"1566\" method=\"post\" enctype=\"multipart\/form-data\" action=\"\/donner-privat\/wp-json\/wp\/v2\/pages\/14\" data-token=\"c32b9dc78111b20ead2cf31ac3360e23\" data-token-time=\"1778675464\"><noscript class=\"wpforms-error-noscript\">Please enable JavaScript in your browser to complete this form.<\/noscript><div class=\"wpforms-field-container\"><div id=\"wpforms-1566-field_0-container\" class=\"wpforms-field wpforms-field-name\" data-field-id=\"0\"><label class=\"wpforms-field-label\" for=\"wpforms-1566-field_0\">Dit navn <span class=\"wpforms-required-label\">*<\/span><\/label><input type=\"text\" id=\"wpforms-1566-field_0\" class=\"wpforms-field-medium wpforms-field-required\" name=\"wpforms[fields][0]\" required><div class=\"wpforms-field-description\">Skriv Dit fornavn og efternavn<\/div><\/div><div id=\"wpforms-1566-field_3-container\" class=\"wpforms-field wpforms-field-text\" data-field-id=\"3\"><label class=\"wpforms-field-label\" for=\"wpforms-1566-field_3\">Dit telefonnummer<\/label><input type=\"text\" id=\"wpforms-1566-field_3\" class=\"wpforms-field-medium\" name=\"wpforms[fields][3]\" ><\/div><div id=\"wpforms-1566-field_1-container\" class=\"wpforms-field wpforms-field-email\" data-field-id=\"1\"><label class=\"wpforms-field-label\" for=\"wpforms-1566-field_1\">Email <span class=\"wpforms-required-label\">*<\/span><\/label><input type=\"email\" id=\"wpforms-1566-field_1\" class=\"wpforms-field-medium wpforms-field-required\" name=\"wpforms[fields][1]\" spellcheck=\"false\" required><\/div><div id=\"wpforms-1566-field_2-container\" class=\"wpforms-field wpforms-field-textarea\" data-field-id=\"2\"><label class=\"wpforms-field-label\" for=\"wpforms-1566-field_2\">Hvad har Du p\u00e5 hjertet ? <span class=\"wpforms-required-label\">*<\/span><\/label><textarea id=\"wpforms-1566-field_2\" class=\"wpforms-field-large wpforms-field-required\" name=\"wpforms[fields][2]\" required><\/textarea><\/div><\/div><!-- .wpforms-field-container --><div class=\"wpforms-field wpforms-field-hp\"><label for=\"wpforms-1566-field-hp\" class=\"wpforms-field-label\">Comment<\/label><input type=\"text\" name=\"wpforms[hp]\" id=\"wpforms-1566-field-hp\" class=\"wpforms-field-medium\"><\/div><div class=\"wpforms-recaptcha-container wpforms-is-recaptcha wpforms-is-recaptcha-type-v2\" ><div class=\"g-recaptcha\" data-sitekey=\"6LfpqfsUAAAAAPsGZI2Vvo0CWznICFzdfdufqqW9\"><\/div><input type=\"text\" name=\"g-recaptcha-hidden\" class=\"wpforms-recaptcha-hidden\" style=\"position:absolute!important;clip:rect(0,0,0,0)!important;height:1px!important;width:1px!important;border:0!important;overflow:hidden!important;padding:0!important;margin:0!important;\" data-rule-recaptcha=\"1\"><\/div><div class=\"wpforms-submit-container\" ><input type=\"hidden\" name=\"wpforms[id]\" value=\"1566\"><input type=\"hidden\" name=\"page_title\" value=\"\"><input type=\"hidden\" name=\"page_url\" value=\"https:\/\/www.donner-1871.dk\/donner-privat\/wp-json\/wp\/v2\/pages\/14\"><input type=\"hidden\" name=\"url_referer\" value=\"\"><button type=\"submit\" name=\"wpforms[submit]\" id=\"wpforms-submit-1566\" class=\"wpforms-submit\" data-alt-text=\"Sending...\" data-submit-text=\"Send\" aria-live=\"assertive\" value=\"wpforms-submit\">Send<\/button><\/div><\/form><\/div>  <!-- .wpforms-container -->","protected":false},"excerpt":{"rendered":"<p>Maleriet \u00f8verst tv.: &#8220;Morgen ved Hornb\u00e6k. Fiskerne kommer i land&#8221; er fra 1874 og malet af P.S. Kr\u00f8yer. Maleriet kan ses p\u00e5 Den Hirschsprungske Samling i K\u00f8benhavn. Vores historie&#8230;. HORNB\u00c6Ks LOTTERI FORENING med \u00f8genavnet &#8220;Donnerforeningen&#8221; er stiftet i november 1871 med f\u00f8lgende form\u00e5l: (Citat fra f\u00f8rste side i den gamle regnskabsbog og protokol): &#8220;P\u00e5 efteif\u00f8lgende &hellip; <a href=\"https:\/\/www.donner-1871.dk\/donner-privat\/\" class=\"more-link\">L\u00e6s videre<span class=\"screen-reader-text\"> &#8220;Velkommen til Donnerforeningen&#8221;<\/span><\/a><\/p>\n","protected":false},"author":1,"featured_media":13,"parent":0,"menu_order":0,"comment_status":"closed","ping_status":"closed","template":"","meta":{"footnotes":""},"class_list":["post-14","page","type-page","status-publish","has-post-thumbnail","hentry"],"_links":{"self":[{"href":"https:\/\/www.donner-1871.dk\/donner-privat\/wp-json\/wp\/v2\/pages\/14","targetHints":{"allow":["GET"]}}],"collection":[{"href":"https:\/\/www.donner-1871.dk\/donner-privat\/wp-json\/wp\/v2\/pages"}],"about":[{"href":"https:\/\/www.donner-1871.dk\/donner-privat\/wp-json\/wp\/v2\/types\/page"}],"author":[{"embeddable":true,"href":"https:\/\/www.donner-1871.dk\/donner-privat\/wp-json\/wp\/v2\/users\/1"}],"replies":[{"embeddable":true,"href":"https:\/\/www.donner-1871.dk\/donner-privat\/wp-json\/wp\/v2\/comments?post=14"}],"version-history":[{"count":44,"href":"https:\/\/www.donner-1871.dk\/donner-privat\/wp-json\/wp\/v2\/pages\/14\/revisions"}],"predecessor-version":[{"id":1743,"href":"https:\/\/www.donner-1871.dk\/donner-privat\/wp-json\/wp\/v2\/pages\/14\/revisions\/1743"}],"wp:featuredmedia":[{"embeddable":true,"href":"https:\/\/www.donner-1871.dk\/donner-privat\/wp-json\/wp\/v2\/media\/13"}],"wp:attachment":[{"href":"https:\/\/www.donner-1871.dk\/donner-privat\/wp-json\/wp\/v2\/media?parent=14"}],"curies":[{"name":"wp","href":"https:\/\/api.w.org\/{rel}","templated":true}]}}